se -18 = -v - w, -f = 4*w - w. Is s(v) a prime number?
True
Suppose 0 = -0*o - 3*o - n + 5317, 10 = -5*n. Let q = -189 + -10. Let i = q + o. Is i a prime number?
False
Suppose 49 = 2*j - 57. Let z = j + -53. Suppose 2*y - 4*y + 646 = z. Is y composite?
True
Suppose -7*t + 0*t + 173045 = -91548. Is t composite?
False
Is -201*(-4146)/126 + 6/(44 + -2) prime?
False
Suppose 0 = -0*b + 2*b - 10806. Suppose -o - g + 2712 = 2*g, -2*o + b = -g. Let n = -1604 + o. Is n prime?
False
Suppose -22*b = 19*b - 31*b - 210590. Is b a composite number?
False
Let p(l) = -864*l**3 - 2*l**2 + 1. Let s be p(1). Suppose 15746 + 110230 = -87*g. Let m = s - g. Is m a prime number?
False
Let u = 87571 - 45042. Is u a composite number?
True
Let h(j) = 143*j**2 + 5*j + 77. Is h(-6) composite?
True
Let p be 0 - (2*1/2 - 5). Suppose p*z - 5400 = 2696. Suppose 5047 = 5*k - s, -k = k - 3*s - z. Is k a composite number?
False
Let l(n) = 5*n + 151. Let b(y) = -6*y - 152. Let d(w) = -2*b(w) - 3*l(w). Let u(a) = -a. Let s(o) = -d(o) + 2*u(o). Is s(0) composite?
False
Suppose 2*g = 4*j + 11 + 9, 2*g + 3*j = -8. Suppose -o + 4504 = 5*d - g*o, -4502 = -5*d + 3*o. Is d a prime number?
False
Let r be (-1)/(2/(-4))*(-2)/(-4). Let v(z) = 717*z**2 + 3*z - 4. Let m be v(r). Is -4*(m/(-16))/1 prime?
True
Suppose 4*b - 134113 = -5*z, 82*z - 85*z + 80461 = -b. Is z a composite number?
False
Let f = -232 + 227. Is f*(-5 + 9*(-714)/45) prime?
True
Is 6930156/2*(94/141 + 1/(-3)) a prime number?
False
Suppose -56*c + 43*c = -6435. Let o = c + 92. Is o a prime number?
True
Let o = 60 + -58. Suppose -h = 3*c - 2*c + o, -5 = -2*c + h. Is 731 - (0 + (1 - (3 + c))) composite?
True
Suppose 6*l = 3*l. Suppose l = -25*g + 24*g. Suppose 2*b + g*b = -4, -1357 = -n - 2*b. Is n a composite number?
False
Let b be (-222635)/14*(-24)/10. Let c = b + -20999. Is c prime?
True
Suppose 2*u + 10*q - 1799 = 5*q, -3*u - 3*q + 2694 = 0. Suppose -3*h - 25*r + u = -29*r, 3*r = h - 304. Is h a composite number?
True
Is ((-4)/8)/(-4*1/239576) prime?
True
Let l be 209/44 + 3/12. Suppose 0 = j - l*o - 3583, -3*j - 3*o + 7110 = -3675. Is j prime?
True
Let m(b) be the second derivative of -7/2*b**2 + 20*b + 0 - 5/2*b**3 + 1/20*b**5 + 13/12*b**4. Is m(-10) composite?
False
Suppose -3*k + 151 - 28 = 0. Suppose -k*g = -32*g - 15354. Is g a composite number?
True
Let a = -448861 - -928146. Is a composite?
True
Let o(j) = j**3 + 19*j**2 + 14*j + 115. Let v be o(-25). Let q = v + 23234. Is q a prime number?
True
Let s(f) = -2*f**2 + 36*f + 4. Let b be s(18). Suppose -9265 = -b*r + 16051. Is r a composite number?
False
Let d(c) = -2*c**3 - 14*c**2 + c - 3. Suppose -288 = -6*o + 14*o. Let h = 26 + o. Is d(h) a prime number?
True
Let m(d) = -d**2 - 9*d + 32. Let s be m(-11). Let c(t) = 9437*t - 27. Is c(s) composite?
False
Suppose 2*o + 3*p = 52, -5*o + 3*p = -4 - 126. Suppose -2*v + o = -0*v. Is -17 + v - (-797 + -1) prime?
False
Let j = 29686 + 148381. Is j prime?
True
Suppose 8*f - 17 = 23. Let c be 4 - 2 - -2 - -1240. Suppose c = -f*j + 4099. Is j a prime number?
True
Is (-12 + 329/28)/(4312204/4312208 + -1) a prime number?
True
Suppose 6*h + 15 = 11*h. Suppose 3 - 13 = b + 5*n, -3*n - 6 = h*b. Suppose 3*g - 4*u = 1670, b*g + 5*g + u = 2768. Is g a prime number?
False
Suppose 2*o - 7*o - 10485 = -5*b, -2*b = o - 4188. Let f = b + 1168. Is f prime?
False
Suppose 2*j + 3*l = 7, -3*l + 7 = 4*j + 2. Let k be 4 + -2 - (j - 454). Suppose -2160 = -g + k. Is g a prime number?
True
Suppose 8*f + 1614 = 4030. Suppose f = 3*x + 20. Suppose 354 - x = 4*c. Is c prime?
False
Is 32831/(-14*9/(-126)) a composite number?
False
Suppose 2*b - 2*f - 7 = 1, -4*f = 8. Let u(j) = 559*j**b + 3*j + 1192*j**2 + 769*j**2 + 137*j**2 - 3. Is u(1) a composite number?
False
Suppose -108*c = -126656754 + 16539414. Is c prime?
False
Suppose -24*i + 8*i + 111088 = 0. Suppose 0 = z - 4*b - i, -14*z + 19*z - 34731 = 4*b. Is z composite?
False
Suppose -l + 5*t = 262, -5*l + 4*t = 305 + 963. Let w = l - 7. Let y = 594 + w. Is y a prime number?
False
Let m(h) = 40*h + 2. Let y be m(7). Suppose 35*f - 37*f = -1210. Let b = f + y. Is b a composite number?
False
Suppose 3*f - 17*f = -350. Suppose 21431 = -f*c + 125506. Is c a composite number?
True
Let u = -403 - -405. Suppose -4*y + u*y + 18242 = 5*l, -l - 4 = 0. Is y a composite number?
True
Let u = 642892 + -407647. Suppose -15*b + 0*b = -u. Is b composite?
False
Let d be 2/(-4) + (-2415)/(-2). Suppose -3*c + 4*h = 1166, 2*c - 13*h + 831 = -18*h. Let i = d + c. Is i composite?
False
Let j(t) = -t**3 - 9*t**2 + 9*t + 84. Let z be j(-9). Suppose -2*o = z*x - 13025, -12*x + 7*x + 3*o + 21683 = 0. Is x a prime number?
True
Let n(o) = 53*o**2 - 3*o - 13. Let j be ((-64)/(-2))/((-38)/57). Let m = -51 - j. Is n(m) prime?
False
Let a(l) = 1867*l + 462. Is a(83) a composite number?
False
Let u(a) = a**3 - 22*a**2 + 14*a - 82. Is u(33) prime?
False
Suppose 25 = -5*b, 3*m - 244526 = -4*b - 93991. Suppose -4*f + m = f. Is f composite?
False
Let c = -436 + 438. Is 16132 + (-1 + -3 - 2/c) a prime number?
True
Let h = -11 - -91. Suppose 4*r - h = -252. Is (r/(-3))/(16/3 - 5) a prime number?
True
Suppose y + 3*y + 5*u - 88766 = 0, 5*u = y - 22179. Is y a composite number?
False
Let w = 111 + -109. Suppose 0 = 5*a - w*l - 2705, a - 3*l + 2164 = 5*a. Is a prime?
True
Let h(o) = 99*o**2 + 41*o - 73*o - 6 + 36*o. Let j be h(-4). Suppose -x - 1 = -j. Is x prime?
False
Is 23963331/75 + (180/(-250))/9 a composite number?
False
Is 2/(-1 - -5) - (3848632/(-16) + -13) a composite number?
True
Suppose -4*v + 4*r = -534384, 52*v = 49*v + 2*r + 400791. Is v a prime number?
False
Suppose 19*i = 12155 + 54706. Let s = 302 + i. Is s prime?
True
Let o be 2*(-4)/(-24)*18. Suppose -v + 15572 = z, 0 = -z + o - 3. Is v prime?
True
Is 3/(12 + (-97929)/8163) a prime number?
True
Suppose -20*p + 25*p - 45 = 0. Is 12587/p + 28/63 composite?
False
Let b(z) be the second derivative of 135/4*z**4 + 14*z - 5/6*z**3 + 9/2*z**2 + 0. Is b(2) prime?
True
Is 328942*((-30)/36 + (-12)/(-9)) a prime number?
True
Suppose -4*b = -5*b + 70. Let c(z) = -14*z - 459. Let n be c(-33). Suppose 0 = -n*w + b + 185. Is w prime?
False
Suppose -q + 7 = 3. Let f(z) be the second derivative of 177*z**3/2 + 5*z**2/2 + 22*z. Is f(q) composite?
False
Suppose -l + 49501 = -5*m, 140419 = 3*l - 4*m - 8084. Is l composite?
True
Let c be (-12373)/(-5) - (-16)/40. Suppose c = 5*x - 0*x. Let u = x + -332. Is u prime?
True
Suppose 0 = -3*b - b + g - 10, 5*g + 7 = b. Let d(y) = 171*y**2 + 10*y + 22. Is d(b) a prime number?
True
Suppose -3*y = -4*c + 25, c - 3 - 13 = 4*y. Let t(b) = 10057*b - 65. Is t(c) composite?
False
Let b = -103 - -283. Let w be 50/20*(0 + 2). Suppose 4*o = -3*h + 995, -b = -o - w*h + 56. Is o a prime number?
True
Let t = -56938 + 426257. Is t composite?
False
Suppose 3*g - 98496 = -3*l, l - 32817 = -5*g + 7*g. Is l a composite number?
True
Let l(r) = -132*r - 269. Let h = -554 + 531. Is l(h) a composite number?
False
Let i(u) = u**3 + 6*u**2 - 8*u - 4. Let w be i(-7). Suppose -2*g - 57 = -2*j + g, 4*g = w*j - 83. Is j + (-4 - -9 - 4) composite?
True
Let i(r) = -3*r + 44. Let o be i(9). Suppose o*f - 6*f = 59191. Is f a composite number?
False
Suppose 0 = 33*x - 556163 - 817924. Is x a composite number?
True
Let a(b) be the third derivative of -979*b**6/8 + b**5/60 - b**4/6 - b**3/2 - b**2 + 32*b. Is a(-1) a composite number?
True
Suppose -t + 5*d + 118591 = 0, 6*t - 9*t + 355713 = -5*d. Is t composite?
True
Let d be 46/69*(-30)/4. Let m be (d/1)/(22/44). Is 5631/6 - 5/m a prime number?
False
Suppose -5*n + 24 = -q, 3*n + 2 - 6 = -2*q. Suppose n*x - 25*d - 17658 = -20*d, 5*x - 2*d - 22081 = 0. Is x a prime number?
False
Suppose 3*j - h + 74920 = -23540, 3*j = 2*h - 98460. Let y = 72113 + j. Is y a composite number?
False
Let y = -137402 + 445129. Is y prime?
False
Suppose 9*h = -17377 - 2225. Let l = 735 - h. Is l composite?
True
Suppose 2*p + 0*p + 102 = 4*k, -2*p - 111 = -k. Let d = p + 58. Is (-2021 + d)*-1 + -3 a composite number?
False
Suppose 5*x = -3*q + 3684, 6*x - x = -4*q + 3682. Suppose 3*f = -4*z + 995, 0*z - 5*f = 3*z - x. Is z a composite number?
False
Is -5089*(9 - 60/6) a composite number?
True
Let i = -14750 + 20840. Let j = i - 2633. Is j composite?
Fal